j*w + 6 - 3*w**2 + 0*w + w**2 + 5*w**2. List the prime factors of k(4).
2, 13
Suppose 0 = -7*j - 3*j. Suppose -5*b = 4*x - 677, j = -x - 0*b - 2*b + 173. List the prime factors of x.
163
Suppose -359*d = -352*d - 336. List the prime factors of d.
2, 3
Suppose 0 = 5*u + 5*w - 3500, -4*u + 9*u - 3494 = w. What are the prime factors of u/(2 + (-5 + 1 - -5))?
233
Suppose t + 486 = -t. Let p = -98 - t. What are the prime factors of p?
5, 29
Suppose y + 2*y = 18. Suppose -5*r + y*r + 2 = 0. What are the prime factors of (r/4)/(6/(-348))?
29
Suppose 0 = n - t - 437, 19*t = 16*t. List the prime factors of n.
19, 23
Suppose -3 = 3*j, 1103 = -6*n + 10*n + j. List the prime factors of n.
2, 3, 23
Let y = -38 + 42. Suppose -y*k + 340 = 80. What are the prime factors of k?
5, 13
Let o(h) = 8*h**2 - 12*h + 12. What are the prime factors of o(10)?
2, 173
Let s = 16 + -7. Let k(m) = m**3 - 8*m**2 - 11*m - 10. Let l be k(s). Let d = -12 - l. What are the prime factors of d?
2
Let i = 50 + -44. Let p(n) = n**2 + 2*n + 8. List the prime factors of p(i).
2, 7
What are the prime factors of 7424/5 - (-4)/20?
3, 5, 11
Let g(x) = x**2 - 8*x - 6. Let f be g(9). Suppose 110 = f*a - 2*m, 3*a - m - 125 + 13 = 0. List the prime factors of a.
2, 19
Let t(w) = w**3 - 3*w**2 - 3*w. Let s be t(6). Let i = -56 + s. What are the prime factors of i?
2, 17
Let l be -9 - (0*4/(-16) + 1). List the prime factors of (l/(-15))/(1/264).
2, 11
Suppose -5*u + 3*u - 36 = 0. Let m be (-459)/(-15) + u/30. What are the prime factors of -3*5/(m/(-38))?
19
Let v = 61 - 61. Suppose v = -t + 109 - 23. What are the prime factors of t?
2, 43
Let v(q) = 28*q - 59. What are the prime factors of v(19)?
11, 43
Suppose n - 35*d = -34*d + 1038, 3*n + d - 3130 = 0. What are the prime factors of n?
2, 521
Let v = -734 + 138. Let t = v + 296. What are the prime factors of (2/3)/((-8)/t)?
5
Suppose -5*j = o - 14, 0*j = 4*j - 4*o - 16. Let z(c) = c**2 - 3*c. Let t be z(j). Suppose 2*u - 4 - 34 = t. What are the prime factors of u?
19
Suppose -44*h + 39*h = -10. Suppose -3*p + h = -2*p. Suppose p*x = -3*o + 12 + 29, 0 = 2*o - x - 18. What are the prime factors of o?
11
Suppose 0*b = 7*b - 4228. What are the prime factors of b?
2, 151
Let h(m) = m**3 + 14*m**2 - 8*m - 32. Let y be h(-13). Let v = y - 121. What are the prime factors of v?
2, 3, 5
Suppose 3*x + 5*t = -283, -104 + 529 = -5*x + t. What are the prime factors of (-1)/((-2)/x*-1)?
43
Let f = -46 + 77. Suppose 3*a - 47 = f. What are the prime factors of a?
2, 13
What are the prime factors of 5*354/12*2?
5, 59
List the prime factors of ((-1)/(1/391))/((-34)/34).
17, 23
Suppose -2*z = 3*d - 6, -2*d + 5*z = -3 - 20. Suppose 3*o + 0*o = -d*r + 148, 0 = -r + o + 37. List the prime factors of r.
37
Let f(x) = 0*x**2 - 6*x + x**2 + x**2 + 7 + 2*x**2. List the prime factors of f(4).
47
Suppose 25 = 3*h - 5*p, -h + 3 = 4*p - 3*p. Suppose h*y - 14 - 11 = 0. Suppose 5*l - 20 = 0, 0*n - y*l = 4*n - 148. What are the prime factors of n?
2
Let n = 101 - -106. What are the prime factors of n?
3, 23
Suppose 5*t + 11 = 36. Suppose t*i = i + 16. Suppose -31 = -i*f + 17. List the prime factors of f.
2, 3
Let x(w) = -4*w - 20. Let z be x(-6). Suppose 3*n = -a - n + 75, 0 = -z*a - 3*n + 365. What are the prime factors of a?
5, 19
Suppose 0 = -26*n + 35*n - 11277. List the prime factors of n.
7, 179
List the prime factors of 397*(4 - (-3 - -6)).
397
Suppose 6*b - 2*b = 992. Suppose -u = -2*k + b - 35, -4*k - 5*u + 461 = 0. Let o = -69 + k. List the prime factors of o.
2, 5
Let i = 74 - 71. Suppose -4*j + 597 = 2*m - 5*m, -2*j + i*m = -297. What are the prime factors of j?
2, 3, 5
Suppose -4*i = -5*i + 5. Suppose 0*t = -i*t - 2*o - 126, 3*t + 3*o + 81 = 0. Let j = 2 - t. What are the prime factors of j?
2, 13
What are the prime factors of (-8)/(-12) + -3*3666/(-27)?
2, 3, 17
Let p = -272 - -820. List the prime factors of p.
2, 137
List the prime factors of (-4)/(-34) - (-219690)/153.
2, 359
Let q(s) = s + 0*s + 1 + 9 - 1. Let y be q(-7). Suppose 89 = y*a + 35. List the prime factors of a.
3
Let c(a) = 145*a - 27. List the prime factors of c(3).
2, 3, 17
Suppose -5*i + 2*n + 14317 = 0, 12*n - 16*n - 5714 = -2*i. What are the prime factors of i?
3, 5, 191
Suppose -5*l = -2*d - d - 70, 31 = 3*l - 4*d. Suppose -150 = 12*k - l*k. What are the prime factors of k?
2, 3, 5
Let l = 367 - 151. Suppose 2*n - 6*n = -l. List the prime factors of n.
2, 3
Suppose 0 = -8*t + 3*t + 215. Suppose -t = 5*d - 298. What are the prime factors of d?
3, 17
Suppose -10*q + 7267 = 33*q. List the prime factors of q.
13
Suppose -3*m + 42 = 3*l - 30, 5*l - 4*m = 84. Suppose 5*y - l + 0 = 0. Suppose 0*i + 5*i = y*z - 43, 0 = 3*z + 3*i - 66. What are the prime factors of z?
17
Suppose 2*h - 133 = -3*k + 132, -2*h = -2*k - 250. Suppose 7*x - 61 = h. List the prime factors of x.
3
Let m(r) = 50*r - 325. What are the prime factors of m(8)?
3, 5
Suppose -16*s + 51*s = 52885. What are the prime factors of s?
1511
Let t = -854 - -1642. What are the prime factors of t?
2, 197
Let y(l) = -2*l**3 - 36*l**2 - 98*l - 29. What are the prime factors of y(-15)?
7, 13
Let z(h) = h**2 - 7*h - 12. Let r be z(9). Let j be 6/(-4)*(-8)/r. Suppose -3*v - 5*o + 6 = -0*o, -v + j = -3*o. What are the prime factors of v?
2
Suppose 2*w - 2*b = -b + 4, -5*w = -3*b - 9. Suppose u - 3*u = 4*d - 688, -162 = -d - w*u. List the prime factors of d.
2, 3, 29
Let n = 45 + -31. Suppose k - n = 41. What are the prime factors of k?
5, 11
Suppose -4*a + 4488 = -2*o, -5*o = 61*a - 59*a - 2268. List the prime factors of a.
2, 281
Let c(d) be the first derivative of d**4/4 - d**3 - d**2 + 3*d + 3. Let x be c(5). Suppose 4*l = 13 + x. What are the prime factors of l?
2, 7
Suppose -9 = -0*u + 3*u. Let l be (3 + -3 - u) + 0. Suppose -3*a + 58 = l*p - 5, -4*a + 65 = 3*p. List the prime factors of p.
19
Suppose 5*s + o = 18, -s = -4*o - 10 - 2. Let b be (s/4)/(2/86). Suppose 0 = 4*x - b - 21. What are the prime factors of x?
2
Let k(m) = m + 16. Let v be k(-11). Let b = -236 - -504. Suppose v*s = s + b. List the prime factors of s.
67
Let p(w) = w**2 + w + 10. Let l be p(-7). Let y = -36 + l. Suppose 2*o = -a - a + y, 2*a = -8. List the prime factors of o.
2, 3
Let d be 2/(-8)*-2*20. Suppose 0 = 2*s - 7*s + 40. Suppose -d = -s*i + 3*i. What are the prime factors of i?
2
Let j(n) = 2*n**2 + 10*n - 7. Let o be j(-6). What are the prime factors of (-27 - 4)*(2 - o)?
3, 31
Let h be 9/(-3) - (-12)/2. Suppose -m + h = 1. List the prime factors of (m/5)/((-4)/(-320)).
2
Suppose -12*g = -13*g + 516. Suppose g - 66 = 6*c. What are the prime factors of c?
3, 5
Suppose q - 5 = 0, 4*q - 32 = -3*o + 12. Suppose o*w - 106 = 62. List the prime factors of w.
3, 7
Let k(d) = 2*d**2 + 3*d + 8. Let l = 5 + -8. Let t be l/(-2)*40/(-15). List the prime factors of k(t).
2, 7
Suppose 0 = z - 37*z + 30888. List the prime factors of z.
2, 3, 11, 13
Suppose -r = -5*r - 5*n + 363, 3*n - 270 = -3*r. Suppose l - 5*m + 2*m = 75, -l + r = m. What are the prime factors of l?
2, 3, 7
Let c(i) = -43*i - 8. Let n = -122 - -119. List the prime factors of c(n).
11
Let u(r) = -r**3 + 15*r**2 - 14*r + 19. Let j be u(14). Let k be (j + -7)*41/3. Suppose -d = 4*s - k, 2*s = 6*s - 3*d - 148. List the prime factors of s.
2, 5
Suppose -t + 5*t + 15 = 5*w, -3*w + 9 = 5*t. Suppose -6*a - a + 154 = t. List the prime factors of a.
2, 11
Let d(r) = -r**2 + 8*r + 1. Let c be d(6). Suppose 3*u = 2*w - c, -3*u + 8*u + 51 = -4*w. Let l = u + 11. What are the prime factors of l?
2
Suppose 2*u = -5*r - 13 - 4, -u - 3*r = 9. What are the prime factors of (u*23)/(-7 + 10 + -4)?
2, 3, 23
Suppose 186371 = 82*s - 65615. What are the prime factors of s?
7, 439
Let y(o) = 34*o**2 + 20*o - 154. List the prime factors of y(6).
2, 5, 7, 17
Let l(p) = p**3 + 43*p**2 - 4*p - 142. List the prime factors of l(-43).
2, 3, 5
Suppose -2*d = -2*q + 54, -24*d + 27*d = -q + 15. List the prime factors of q.
2, 3
Suppose -3*b = -0 - 3. Let z be b + (-7 + 2 - 0). List the prime factors of (z/((-4)/5))/1.
5
Let u(l) = l**3 + 58*l**2 + 42*l + 138. List the prime factors of u(-57).
3, 331
Suppose -21 = -12*c + 39. Suppose -c*x = -585 - 530. List the prime factors of x.
223
Let d = -78 - -43. Let i = -35 - d. Suppose 27 = 4*p 